{"id":1163,"date":"2015-04-09T09:58:18","date_gmt":"2015-04-09T06:58:18","guid":{"rendered":"http:\/\/siracotrans.ro\/siraco_new\/?page_id=1163"},"modified":"2018-04-01T14:30:12","modified_gmt":"2018-04-01T11:30:12","slug":"camioane-cu-prelata","status":"publish","type":"page","link":"http:\/\/siracotrans.ro\/ro_RO\/camioane-cu-prelata\/","title":{"rendered":"Camioane cu prelata"},"content":{"rendered":"<p>[et_pb_section admin_label=&#8221;section&#8221; fullwidth=&#8221;off&#8221; specialty=&#8221;off&#8221;][et_pb_row admin_label=&#8221;row&#8221;][et_pb_column type=&#8221;1_4&#8243;][et_pb_cta admin_label=&#8221;Call To Action&#8221; use_background_color=&#8221;on&#8221; background_color=&#8221;#ff4c0e&#8221; background_layout=&#8221;dark&#8221; text_orientation=&#8221;center&#8221; button_url=&#8221;http:\/\/siracotrans.ro\/cotatii&#8221; button_text=&#8221;Cere Cotatie !&#8221;]<\/p>\n<p>&nbsp;<\/p>\n<p>[\/et_pb_cta][et_pb_tabs admin_label=&#8221;Tabs&#8221; use_border_color=&#8221;off&#8221; border_color=&#8221;#ffffff&#8221; border_style=&#8221;solid&#8221;]<\/p>\n<p>[et_pb_tab title=&#8221;Meniu&#8221; tab_font_select=&#8221;default&#8221; tab_font=&#8221;||||&#8221; tab_line_height=&#8221;2em&#8221; tab_line_height_tablet=&#8221;2em&#8221; tab_line_height_phone=&#8221;2em&#8221; body_font_select=&#8221;default&#8221; body_font=&#8221;||||&#8221; body_line_height=&#8221;2em&#8221; body_line_height_tablet=&#8221;2em&#8221; body_line_height_phone=&#8221;2em&#8221;]<\/p>\n<ul>\n<li style=\"list-style: square;\"><a href=\"http:\/\/siracotrans.ro\/camioane-mega-cu-prelata\">Camioane Mega cu Prelat\u0103<\/a><\/li>\n<li style=\"list-style: square;\"><a href=\"http:\/\/siracotrans.ro\/camioane-tandem-cu-prelata\">Camioane Tandem cu Prelat\u0103<\/a><\/li>\n<li style=\"list-style: square;\"><a href=\"http:\/\/siracotrans.ro\/camioane-mega-tandem-cu-prelata\">Camioane Mega Tandem cu Prelat\u0103<\/a><\/li>\n<li style=\"list-style: square;\"><a href=\"http:\/\/siracotrans.ro\/camionete-dube-prelate\">Camionete cu Prelat\u0103<\/a><\/li>\n<li style=\"list-style: square;\"><a href=\"http:\/\/siracotrans.ro\/van-uri-sprintere-dube\">Van-uri (Sprintere, dube)<\/a><\/li>\n<\/ul>\n<p>[\/et_pb_tab][et_pb_tab title=&#8221;SOCIAL MEDIA&#8221;]<\/p>\n<ul>\n<li style=\"list-style: square;\"><a href=\"https:\/\/ro-ro.facebook.com\/pages\/Siraco-Trans\/598242463526804\">Facebook<\/a><\/li>\n<li style=\"list-style: square;\"><a href=\"https:\/\/plus.google.com\/app\/basic\/105479435082682364531\/posts?cbp=1f038jwkn9mcu&amp;sview=25&amp;cid=5&amp;soc-app=115&amp;soc-platform=1\">Google Plus<\/a><\/li>\n<li style=\"list-style: square;\"><a href=\"https:\/\/www.youtube.com\/watch?v=SSqD32bdwXA\">Youtube<\/a><\/li>\n<\/ul>\n<p>[\/et_pb_tab]<\/p>\n<p>[\/et_pb_tabs][et_pb_cta admin_label=&#8221;Call To Action&#8221; use_background_color=&#8221;on&#8221; background_color=&#8221;#ff4c0e&#8221; background_layout=&#8221;dark&#8221; text_orientation=&#8221;center&#8221; button_url=&#8221;http:\/\/siracotrans.ro\/8-motive-sa-alegi-siraco&#8221; button_text=&#8221;De ce Siraco ?&#8221;]<\/p>\n<p>&nbsp;<\/p>\n<p>[\/et_pb_cta][\/et_pb_column][et_pb_column type=&#8221;3_4&#8243;][et_pb_image admin_label=&#8221;Image&#8221; src=&#8221;http:\/\/siracotrans.ro\/wp-content\/uploads\/2018\/04\/camion_prelata_full_1.jpg&#8221; show_in_lightbox=&#8221;off&#8221; url_new_window=&#8221;off&#8221; use_overlay=&#8221;off&#8221; animation=&#8221;fade_in&#8221; sticky=&#8221;off&#8221; align=&#8221;center&#8221; force_fullwidth=&#8221;off&#8221; always_center_on_mobile=&#8221;on&#8221; use_border_color=&#8221;off&#8221; border_color=&#8221;#ffffff&#8221; border_style=&#8221;solid&#8221;]<\/p>\n<p>[\/et_pb_image][et_pb_tabs admin_label=&#8221;Tabs&#8221; use_border_color=&#8221;off&#8221; border_color=&#8221;#ffffff&#8221; border_style=&#8221;solid&#8221;]<\/p>\n<p>[et_pb_tab title=&#8221;Camioane cu prelata&#8221; tab_font_select=&#8221;default&#8221; tab_font=&#8221;||||&#8221; tab_line_height=&#8221;2em&#8221; tab_line_height_tablet=&#8221;2em&#8221; tab_line_height_phone=&#8221;2em&#8221; body_font_select=&#8221;default&#8221; body_font=&#8221;||||&#8221; body_line_height=&#8221;2em&#8221; body_line_height_tablet=&#8221;2em&#8221; body_line_height_phone=&#8221;2em&#8221;]<\/p>\n<p style=\"text-align: justify;\">Parcul nostru auto dispune de numeroase camioane cu prelat\u0103. Acestea sunt folosite pentru <strong>transport marf\u0103 intern<\/strong>, \u0219i interna\u021bional pentru \u00eenc\u0103rc\u0103ri complete \u015fi grupaje. \u00cen func\u0163ie de tipul prelatei, \u00eenc\u0103rcarea se poate face pe sus, prin lateral sau prin spatele camionului.<\/p>\n<p>[\/et_pb_tab][et_pb_tab title=&#8221;Capacitati de incarcare&#8221;]<\/p>\n<p>&nbsp;<\/p>\n<h4>Capacitati de incarcare<\/h4>\n<table class=\"footable\">\n<thead>\n<tr>\n<th>Ton\u0103 (t)<\/th>\n<th>Lungime (L)<\/th>\n<th>L\u0103\u0163ime (l)<\/th>\n<th>\u00cen\u0103l\u0163ime (h)<\/th>\n<th>Metri cubi (m3)<\/th>\n<\/tr>\n<\/thead>\n<tbody>\n<tr>\n<td>24<\/td>\n<td>13.6<\/td>\n<td>2.45<\/td>\n<td>2.70<\/td>\n<td>90<\/td>\n<\/tr>\n<\/tbody>\n<\/table>\n<p>[\/et_pb_tab]<\/p>\n<p>[\/et_pb_tabs][\/et_pb_column][\/et_pb_row][\/et_pb_section]<\/p>\n","protected":false},"excerpt":{"rendered":"<p>[et_pb_section admin_label=&#8221;section&#8221; fullwidth=&#8221;off&#8221; specialty=&#8221;off&#8221;][et_pb_row admin_label=&#8221;row&#8221;][et_pb_column type=&#8221;1_4&#8243;][et_pb_cta admin_label=&#8221;Call To Action&#8221; use_background_color=&#8221;on&#8221; background_color=&#8221;#ff4c0e&#8221; background_layout=&#8221;dark&#8221; text_orie&#8230;<\/p>\n","protected":false},"author":1,"featured_media":0,"parent":0,"menu_order":0,"comment_status":"open","ping_status":"open","template":"","meta":[],"categories":[4],"tags":[19,20],"_links":{"self":[{"href":"http:\/\/siracotrans.ro\/ro_RO\/wp-json\/wp\/v2\/pages\/1163"}],"collection":[{"href":"http:\/\/siracotrans.ro\/ro_RO\/wp-json\/wp\/v2\/pages"}],"about":[{"href":"http:\/\/siracotrans.ro\/ro_RO\/wp-json\/wp\/v2\/types\/page"}],"author":[{"embeddable":true,"href":"http:\/\/siracotrans.ro\/ro_RO\/wp-json\/wp\/v2\/users\/1"}],"replies":[{"embeddable":true,"href":"http:\/\/siracotrans.ro\/ro_RO\/wp-json\/wp\/v2\/comments?post=1163"}],"version-history":[{"count":27,"href":"http:\/\/siracotrans.ro\/ro_RO\/wp-json\/wp\/v2\/pages\/1163\/revisions"}],"predecessor-version":[{"id":2161,"href":"http:\/\/siracotrans.ro\/ro_RO\/wp-json\/wp\/v2\/pages\/1163\/revisions\/2161"}],"wp:attachment":[{"href":"http:\/\/siracotrans.ro\/ro_RO\/wp-json\/wp\/v2\/media?parent=1163"}],"wp:term":[{"taxonomy":"category","embeddable":true,"href":"http:\/\/siracotrans.ro\/ro_RO\/wp-json\/wp\/v2\/categories?post=1163"},{"taxonomy":"post_tag","embeddable":true,"href":"http:\/\/siracotrans.ro\/ro_RO\/wp-json\/wp\/v2\/tags?post=1163"}],"curies":[{"name":"wp","href":"https:\/\/api.w.org\/{rel}","templated":true}]}}

<p>[et_pb_section admin_label=&#8221;section&#8221; fullwidth=&#8221;off&#8221; specialty=&#8221;off&#8221;][et_pb_row admin_label=&#8221;row&#8221;][et_pb_column type=&#8221;1_4&#8243;][et_pb_cta admin_label=&#8221;Call To Action&#8221; use_background_color=&#8221;on&#8221; background_color=&#8221;#ff4c0e&#8221; background_layout=&#8221;dark&#8221; text_orientation=&#8221;center&#8221; button_url=&#8221;http://siracotrans.ro/cotatii&#8221; button_text=&#8221;Cere Cotatie !&#8221;]</p>
<p>&nbsp;</p>
<p>[/et_pb_cta][et_pb_tabs admin_label=&#8221;Tabs&#8221; use_border_color=&#8221;off&#8221; border_color=&#8221;#ffffff&#8221; border_style=&#8221;solid&#8221;]</p>
<p>[et_pb_tab title=&#8221;Meniu&#8221; tab_font_select=&#8221;default&#8221; tab_font=&#8221;||||&#8221; tab_line_height=&#8221;2em&#8221; tab_line_height_tablet=&#8221;2em&#8221; tab_line_height_phone=&#8221;2em&#8221; body_font_select=&#8221;default&#8221; body_font=&#8221;||||&#8221; body_line_height=&#8221;2em&#8221; body_line_height_tablet=&#8221;2em&#8221; body_line_height_phone=&#8221;2em&#8221;]</p>
<ul>
<li style="list-style: square;"><a href="http://siracotrans.ro/camioane-mega-cu-prelata">Camioane Mega cu Prelată</a></li>
<li style="list-style: square;"><a href="http://siracotrans.ro/camioane-tandem-cu-prelata">Camioane Tandem cu Prelată</a></li>
<li style="list-style: square;"><a href="http://siracotrans.ro/camioane-mega-tandem-cu-prelata">Camioane Mega Tandem cu Prelată</a></li>
<li style="list-style: square;"><a href="http://siracotrans.ro/camionete-dube-prelate">Camionete cu Prelată</a></li>
<li style="list-style: square;"><a href="http://siracotrans.ro/van-uri-sprintere-dube">Van-uri (Sprintere, dube)</a></li>
</ul>
<p>[/et_pb_tab][et_pb_tab title=&#8221;SOCIAL MEDIA&#8221;]</p>
<ul>
<li style="list-style: square;"><a href="https://ro-ro.facebook.com/pages/Siraco-Trans/598242463526804">Facebook</a></li>
<li style="list-style: square;"><a href="https://plus.google.com/app/basic/105479435082682364531/posts?cbp=1f038jwkn9mcu&amp;sview=25&amp;cid=5&amp;soc-app=115&amp;soc-platform=1">Google Plus</a></li>
<li style="list-style: square;"><a href="https://www.youtube.com/watch?v=SSqD32bdwXA">Youtube</a></li>
</ul>
<p>[/et_pb_tab]</p>
<p>[/et_pb_tabs][et_pb_cta admin_label=&#8221;Call To Action&#8221; use_background_color=&#8221;on&#8221; background_color=&#8221;#ff4c0e&#8221; background_layout=&#8221;dark&#8221; text_orientation=&#8221;center&#8221; button_url=&#8221;http://siracotrans.ro/8-motive-sa-alegi-siraco&#8221; button_text=&#8221;De ce Siraco ?&#8221;]</p>
<p>&nbsp;</p>
<p>[/et_pb_cta][/et_pb_column][et_pb_column type=&#8221;3_4&#8243;][et_pb_image admin_label=&#8221;Image&#8221; src=&#8221;http://siracotrans.ro/wp-content/uploads/2018/04/camion_prelata_full_1.jpg&#8221; show_in_lightbox=&#8221;off&#8221; url_new_window=&#8221;off&#8221; use_overlay=&#8221;off&#8221; animation=&#8221;fade_in&#8221; sticky=&#8221;off&#8221; align=&#8221;center&#8221; force_fullwidth=&#8221;off&#8221; always_center_on_mobile=&#8221;on&#8221; use_border_color=&#8221;off&#8221; border_color=&#8221;#ffffff&#8221; border_style=&#8221;solid&#8221;]</p>
<p>[/et_pb_image][et_pb_tabs admin_label=&#8221;Tabs&#8221; use_border_color=&#8221;off&#8221; border_color=&#8221;#ffffff&#8221; border_style=&#8221;solid&#8221;]</p>
<p>[et_pb_tab title=&#8221;Camioane cu prelata&#8221; tab_font_select=&#8221;default&#8221; tab_font=&#8221;||||&#8221; tab_line_height=&#8221;2em&#8221; tab_line_height_tablet=&#8221;2em&#8221; tab_line_height_phone=&#8221;2em&#8221; body_font_select=&#8221;default&#8221; body_font=&#8221;||||&#8221; body_line_height=&#8221;2em&#8221; body_line_height_tablet=&#8221;2em&#8221; body_line_height_phone=&#8221;2em&#8221;]</p>
<p style="text-align: justify;">Parcul nostru auto dispune de numeroase camioane cu prelată. Acestea sunt folosite pentru <strong>transport marfă intern</strong>, și internațional pentru încărcări complete şi grupaje. În funcţie de tipul prelatei, încărcarea se poate face pe sus, prin lateral sau prin spatele camionului.</p>
<p>[/et_pb_tab][et_pb_tab title=&#8221;Capacitati de incarcare&#8221;]</p>
<p>&nbsp;</p>
<h4>Capacitati de incarcare</h4>
<table class="footable">
<thead>
<tr>
<th>Tonă (t)</th>
<th>Lungime (L)</th>
<th>Lăţime (l)</th>
<th>Înălţime (h)</th>
<th>Metri cubi (m3)</th>
</tr>
</thead>
<tbody>
<tr>
<td>24</td>
<td>13.6</td>
<td>2.45</td>
<td>2.70</td>
<td>90</td>
</tr>
</tbody>
</table>
<p>[/et_pb_tab]</p>
<p>[/et_pb_tabs][/et_pb_column][/et_pb_row][/et_pb_section]</p>
